39
Suppose 200 = 492*j - 512*j. Suppose -5*w = -0*f + 4*f - 373, -223 = -3*w - 2*f. Let b = w + j. What is the highest common divisor of b and 9?
9
Suppose -64 = -3*p + 44. Let y be (-4 + 5 + -71)*(-4)/10. Suppose -2*g - 20 = -3*r, 3*r - 3*g = g + y. Calculate the greatest common divisor of p and r.
4
Suppose -9*k - 335 = -14*k. Let s be k - 4*1/2. Suppose -4*c = -2*u + 100, -u - u = 3*c - s. What is the highest common factor of 16 and u?
8
Let p(k) = 4*k**2 - 6*k + 18. Let v be p(3). Calculate the greatest common divisor of v and 306.
18
Let g be (-45)/405 + 398/18. What is the highest common divisor of 110 and g?
22
Let b(c) = c**2 + 17*c + 35. Let a be (-4 - -2) + 4 - 18. Let g be b(a). What is the highest common divisor of 38 and g?
19
Suppose -5*k = s + 65, 5*s + 265 = k + 4*k. Let i = -54 - s. Suppose -5*t = -3*w - 0*t - 22, 0 = 3*w + 3*t - 18. What is the highest common divisor of w and i?
1
Let u be 2 - (-1 + 6 - 27). What is the highest common factor of u and 4?
4
Let w = 164 - 93. Suppose f = 5*u - 4*u + 31, -2*f - u = -w. What is the greatest common divisor of 17 and f?
17
Suppose -46 = 3*s - s. Let y be s/(-4) - (-36)/(-48). Calculate the greatest common factor of 15 and y.
5
Suppose 91*h - 109*h + 3240 = 0. Calculate the highest common divisor of 630 and h.
90
Let t = -15 - -12. Let i be (t - 2)/((-5)/15). What is the greatest common divisor of i and 105?
15
Suppose 5*b + 312 = 2*l + 3*b, 0 = 2*b. What is the highest common divisor of 24 and l?
12
Let r(x) = 380*x**2 + x - 379*x**2 + 1 + 1. Let w be r(-4). Let u = -87 + 129. Calculate the greatest common factor of u and w.
14
Let w(y) = 3*y - 8. Let m be w(3). Let r be ((16/(-20))/m)/((-2)/160). Calculate the greatest common divisor of r and 8.
8
Suppose t - 4 = 0, 2*j - t = 119 + 33. What is the greatest common divisor of 52 and j?
26
Suppose 0 = -3*o + 8*o - 5. Let k be o - (-6)/(-2) - -4. Let u(n) = -n**3 - 7*n**2 + 8*n + 8. Let w be u(-8). Calculate the greatest common factor of w and k.
2
Let p(v) = -12*v + 3. Let q be p(5). Let r = q - -107. Suppose -7*w = -2*w - 100. Calculate the greatest common divisor of w and r.
10
Let z(d) = 1392*d**2 - 80*d - 78. Let a be z(-1). Calculate the highest common divisor of 34 and a.
34
Suppose -7490 - 221 = -5*k - 4*q, 2*q = -2*k + 3086. What is the highest common divisor of 27 and k?
27
Suppose -3*m + 1 = -17. Suppose 0 = m*q - 42 + 6. Suppose 2 = -q*g + 26. What is the highest common divisor of g and 44?
4
Suppose 5*m + 840 = 4*q + 3*m, -2*m + 200 = q. What is the highest common factor of 52 and q?
52
Suppose -4*u - 2*u = 252. Let r = u + 45. Calculate the greatest common factor of r and 27.
3
Let x = -6 + -7. Let d = x + 17. Suppose -k - 48 = -d*k. Calculate the greatest common factor of 144 and k.
16
Suppose -46 + 21 = -5*s. Suppose v = -s + 14. Let m be 3 + 10*(7 - 1). What is the greatest common divisor of v and m?
9
Let a = 8 + 4. Let x(f) = 5*f**2 + f + 108. Let i be x(0). Calculate the highest common factor of i and a.
12
Let f be ((-16)/6)/(6/(-9)). Let g = 23 - f. What is the highest common divisor of 38 and g?
19
Suppose 0 = -m - 5, 3*y + 3*m + 5 = -4. Suppose 4*d - g + 445 = 2*g, 4*g - 210 = y*d. Let n = 181 + d. What is the greatest common divisor of 6 and n?
6
Let t be ((-35)/(-25))/(3/15). Let w(z) = -10*z**3 + 11*z**3 - 5*z**2 + 2*z**2 - 2*z**2 - 3*z. Let i be w(t). Calculate the highest common factor of 11 and i.
11
Suppose -w - 2*w = 3*z - 942, 3*z + 2*w = 939. Suppose -r + 5*t = -0*r - 53, -2*t = -5*r + z. What is the highest common factor of 84 and r?
21
Let n(o) = 87*o**2 + 5*o + 4. Let h be n(-1). Let y be 3/21*h + 6/(-21). What is the highest common divisor of 18 and y?
6
Let s = 38 - 32. Suppose -s*a + 515 = -55. Calculate the highest common divisor of a and 19.
19
Let d be 2/(-3) - (-3 - (-1938)/(-18)). What is the highest common factor of d and 80?
10
Let f = 1674 - 1609. Calculate the highest common factor of f and 13.
13
Suppose 53 = -5*l + 2*y + 164, -3*l + 5*y + 78 = 0. What is the greatest common factor of l and 35?
7
Suppose 2*r = -138 - 78. Suppose -3*v = -220 - 293. Let k = v + r. Calculate the highest common divisor of 9 and k.
9
Suppose 0 = -z, 2*z - 16 = 5*a - 1. Let s be (-29)/(4/48*a). Suppose 65 + 80 = 5*l. What is the greatest common factor of l and s?
29
Suppose 13*a = 12*a + 25. Calculate the highest common factor of a and 425.
25
Let u be (-4)/(-16)*6 + (-810)/(-36). Calculate the greatest common divisor of 56 and u.
8
Let t = -76 - -58. Let x be 9/((-9)/(-2)) - t. Calculate the highest common factor of x and 30.
10
Suppose 0 = -9*f - 8*f + 102. Let i(k) = -k**3 + 7*k**2 - k + 9. Let w be i(7). Suppose -w - 16 = -3*d. What is the highest common divisor of f and d?
6
Suppose -3*z - 198 = 3*z. Suppose -4*h + 116 = -36. Let v = h + z. What is the greatest common factor of v and 2?
1
Suppose 3*r + 8 = 2. Let b(v) = v**2 + 2. Let o be b(r). What is the greatest common factor of o and 6?
6
Suppose 3*d - 54 = 39. Suppose -3*l = -2*l - 4*u - d, 0 = 3*u + 12. Calculate the greatest common divisor of 165 and l.
15
Let v = 265 + -181. What is the greatest common divisor of v and 336?
84
Let u(h) = -25*h + 754. Let i be u(30). Calculate the highest common factor of i and 1532.
4
Suppose 78 = -4*l + 6*l. Suppose 22*y + 39 = 25*y. What is the greatest common factor of y and l?
13
Let n(h) = h**3 - 5*h**2. Let i be n(6). Suppose 4*l - 7*l + i = 0. Let v be 304/l + 2/3. What is the highest common factor of 13 and v?
13
Let r = -2206 - -2296. Calculate the greatest common factor of 954 and r.
18
Let x = 219 + -99. Calculate the highest common factor of 220 and x.
20
Let n(i) = i**2 - 24*i + 12. Let j be n(21). Let d = j + 74. Calculate the greatest common factor of d and 23.
23
Suppose -33*r = -113*r + 1760. Calculate the greatest common divisor of r and 1408.
22
Suppose 184 + 785 = 3*t. Suppose -7*k + 447 + t = 0. What is the highest common divisor of k and 10?
10
Let c = 14 + -16. Let f(v) = -37*v + 1. Let h be f(c). Calculate the highest common divisor of h and 30.
15
Let c(r) = -21*r - 118. Let y be c(-10). What is the greatest common factor of y and 8?
4
Suppose 0 = -34*u + 33*u - 106. Let b = -61 - u. Calculate the greatest common factor of 135 and b.
45
Suppose -3*m - 68 + 350 = 3*z, z = 5*m - 500. What is the greatest common divisor of m and 81?
9
Suppose -3*o + 516 = -3*n, -4*n + 133 = o - 64. Calculate the highest common divisor of 6 and o.
3
Suppose -5*y - 99 = -114. What is the greatest common factor of 17 and y?
1
Suppose -3*h = 4*i - 84, -h + 2*i = -29 + 1. Let u(q) = -4 + 21*q - 1 - 33*q + 17*q. Let r be u(15). Calculate the highest common divisor of r and h.
14
Let g(c) = 15*c + 32. Let k be g(-2). What is the highest common factor of 32 and k?
2
Suppose 16*u - 1761 = 799. Calculate the highest common divisor of 400 and u.
80
Suppose -332 = -2*w - 2*z, 12 = -2*z + 22. Calculate the highest common factor of w and 21.
7
Let h(j) = -6*j - 119. Let y be h(-22). What is the highest common factor of 13 and y?
13
Suppose -5*l - 15 = -135. Suppose 0 = -5*h + 44 + 46. Let f = l - h. Calculate the greatest common factor of 30 and f.
6
Let d(r) = r**2 + 9*r + 16. Let n be d(-8). Suppose 4*k - 4*b = -0*b + 160, 0 = -2*b - n. What is the greatest common factor of k and 18?
18
Suppose 4*n + z = 92, -4*n + 84 = -3*z + 2*z. Suppose -n = -2*s - 5*b, 0 = 3*s - b - 57 - 10. What is the greatest common factor of 3 and s?
3
Let c = -3054 + 4323. Calculate the greatest common divisor of 27 and c.
27
Suppose 3*q = -4*s + 417, 4*s = 5*s - 5*q - 133. Let g = s - 63. What is the greatest common factor of g and 5?
5
Let q = 882 - 464. What is the highest common divisor of 11 and q?
11
Let n(w) = 20*w. Let a be n(1). Suppose -8*g - 100 = -10*g. Calculate the highest common factor of g and a.
10
Let p(z) = -10*z**2 + 69*z - 23. Let h(y) = 3*y**2 - 23*y + 8. Let g(a) = -11*h(a) - 4*p(a). Let t be g(4). Calculate the highest common divisor of t and 216.
24
Suppose s = -0*s. Let a = -10 - s. Let f(c) = -c**2 - 11*c + 5. Let t be f(a). Calculate the greatest common divisor of t and 6.
3
Let t(m) = 6*m**2 + 2*m - 1. Let k be t(-2). Let g(a) = -9*a - 66. Let p be g(10). Let b = p + 251. What is the greatest common factor of b